e o(-4).
16
Let b(i) = -i**2 + 4*i + 7. Determine b(6).
-5
Let y(j) = j**3 - 25*j**2 + 24*j + 39. What is y(24)?
39
Let u(b) = -6*b + 39. Calculate u(8).
-9
Let b(l) = -2*l**2 - 6*l + 4. Give b(-3).
4
Let w(x) = 68*x**2 - x + 1. What is w(-1)?
70
Let d(z) = z**2 - 5*z - 5. Calculate d(7).
9
Let r(d) = -d**2 + 6*d + 10. Calculate r(11).
-45
Let f(i) = -85*i**2. Calculate f(1).
-85
Let h(p) = -7*p + 243. Calculate h(40).
-37
Let z(q) = -q**3 - 8*q**2 - 2*q. What is z(-7)?
-35
Let c(q) = 6*q - 5. Determine c(8).
43
Let y(z) = z + 3. What is y(7)?
10
Let g(h) = -h**3 + 45*h**2 - 85*h - 47. Calculate g(43).
-4
Let v(m) = -m**2 - 2. Give v(0).
-2
Let j(y) = y**2 + 7*y - 62. What is j(-12)?
-2
Let q(a) = a**2 - 4*a - 6. What is q(5)?
-1
Let c(m) = 7*m + 79. Determine c(0).
79
Let t(p) = -p**2 - 4*p - 6. Give t(-4).
-6
Let t(m) = 2*m**2 + 53*m - 154. Give t(3).
23
Let x(q) = -q**3 + 11*q**2 + 14*q + 7. Determine x(12).
31
Let n(g) = g**3 - 8*g**2 + 3*g + 6. Calculate n(7).
-22
Let d(z) = z**3 + 19*z**2 - 41*z + 20. Give d(-21).
-1
Let y(m) = m**2 - 5*m - 15. Determine y(9).
21
Let l(b) = b**3 - 13*b**2 + 33*b - 31. Determine l(10).
-1
Let o(y) = 4*y + 73. Give o(-18).
1
Let c(i) = 2*i**2 + 6*i - 1. Give c(-3).
-1
Let v(g) = -2*g + 51. Give v(22).
7
Let v(y) = -16*y + 168. What is v(10)?
8
Let u(k) = k**2 - 11*k - 15. Calculate u(14).
27
Let y(f) = 2*f**2 + 17*f + 14. What is y(-8)?
6
Let w(f) = f**3 - 8*f**2 + 6*f + 6. Give w(7).
-1
Let y(o) = o**3 + 9*o**2 + 8*o - 13. Calculate y(-8).
-13
Let q(h) = -h + 1. Calculate q(9).
-8
Let a(z) = -z**2 - 10*z - 4. Give a(-9).
5
Let b(o) = -o**2 + 10*o - 12. What is b(5)?
13
Let c(l) = -l**3 + 9*l**2 - 8*l + 10. Give c(7).
52
Let z(u) = -u**2 + 3. Calculate z(6).
-33
Let b(d) = -d**3 + 5*d**2 - d + 5. Give b(5).
0
Let k(h) = -h**2 - 13*h + 18. Give k(-17).
-50
Let w(j) = -j**2 - 3*j + 10. Give w(-8).
-30
Let j(v) = v**2 + 6. Determine j(-4).
22
Let r(k) = -k**3 - 4*k**2 + 6*k + 6. Calculate r(-5).
1
Let l(g) = -g**2 + 13*g - 34. Give l(5).
6
Let h(d) = d**2 + 17*d + 76. Give h(-12).
16
Let p(h) = -2*h**2 + 1. Calculate p(6).
-71
Let c(g) = -9*g + 22. Calculate c(10).
-68
Let q(w) = w**3 + 9*w**2 + 7*w + 12. Give q(-8).
20
Let r(v) = -v**2 + v + 2. Give r(4).
-10
Let a(t) = t**2 - 2*t - 40. What is a(0)?
-40
Let r(g) = -11*g**2 + 11*g - 6. What is r(3)?
-72
Let u(c) = c**2 - 5*c - 4. Determine u(3).
-10
Let w(v) = -6*v + 2. Give w(1).
-4
Let g(q) = 22*q + 26. What is g(-1)?
4
Let u(d) = d + 2. Calculate u(-9).
-7
Let j(z) = z**2 - 19. Calculate j(0).
-19
Let d(p) = -p**2 - 8*p - 9. Determine d(-6).
3
Let b(t) = t**2 + 2*t - 10. Determine b(-4).
-2
Let h(w) = -2*w**2 + 67*w - 100. Determine h(32).
-4
Let p(w) = 2*w**2 - 7*w + 3. Give p(6).
33
Let c(p) = 6*p - 1. What is c(-5)?
-31
Let v(l) = -l**2 - 10*l + 7. What is v(-5)?
32
Let o(q) = -q**3 - 12*q**2 - 25*q - 28. What is o(-10)?
22
Let f(u) = u**2 - 6*u + 2. Give f(6).
2
Let q(b) = -4*b - 35. Calculate q(-5).
-15
Let i(f) = 3*f + 22. Give i(-11).
-11
Let k(r) = 4*r**2 - 75*r - 17. Calculate k(19).
2
Let f(t) = -4*t - 16. What is f(-5)?
4
Let a(c) = c**3 - 3*c**2 + c. Calculate a(3).
3
Let c(y) = 3*y - 28. What is c(12)?
8
Let a(p) = -p**2 - 29*p - 78. What is a(-28)?
-50
Let m(s) = -2*s**2 - 34*s + 40. Calculate m(-18).
4
Let a(y) = 31*y - 62. Calculate a(2).
0
Let z(p) = 5*p + 106. Calculate z(-20).
6
Let s(c) = 20*c**3 - c**2 + c + 1. What is s(-1)?
-21
Let f(t) = t**2 - 27*t + 32. Give f(25).
-18
Let b(h) = h**2 - h + 3. Determine b(4).
15
Let a(c) = c**2 - 3*c + 14. Calculate a(7).
42
Let g(q) = -q**3 - 9*q**2 + 8*q + 15. Determine g(-9).
-57
Let t(j) = j**3 + 24*j**2 + 23*j + 3. What is t(-23)?
3
Let w(i) = 6*i - 26. What is w(10)?
34
Let q(w) = -w**2 - 9*w - 4. Give q(-6).
14
Let o(r) = -2*r**3 + 33*r**2 + 14*r - 7. Determine o(17).
-58
Let j(n) = 58*n - 21. What is j(-2)?
-137
Let k(x) = -3*x + 10. What is k(1)?
7
Let t(x) = 4*x + 115. Calculate t(-33).
-17
Let s(u) = -u**3 - 24*u**2 - 3*u - 55. Calculate s(-24).
17
Let o(g) = g**3 + 7*g**2 + 6*g - 6. Calculate o(-5).
14
Let t(c) = 15*c + 4. Calculate t(-5).
-71
Let u(b) = -3*b + 32. Calculate u(7).
11
Let v(o) = 4*o**2 + 15*o - 1. Calculate v(-5).
24
Let g(b) = -b**2 - 6*b - 12. Determine g(-6).
-12
Let u(k) = k**3 - 11*k**2 + 10*k - 10. Determine u(10).
-10
Let p(j) = -28*j - 375. Calculate p(-13).
-11
Let c(d) = d**2 + d - 1. Calculate c(-1).
-1
Let o(t) = -2*t**3 + 15*t**2 + 29*t + 10. Calculate o(9).
28
Let i(h) = -h**3 + 6*h**2 - 2*h - 4. What is i(4)?
20
Let w(f) = 2*f + 36. Determine w(-15).
6
Let z(d) = 11*d**2 + 11*d + 11. Give z(-1).
11
Let n(z) = 2*z**2 + 8*z + 6. What is n(-3)?
0
Let p(x) = x**2 - 13*x + 27. What is p(9)?
-9
Let g(c) = -c**3 + 18*c**2 + 62*c + 23. Give g(21).
2
Let h(q) = 5*q**2 + 3*q + 4. Determine h(3).
58
Let i(n) = -22*n + 3. What is i(2)?
-41
Let c(x) = -42*x**3 - x**2 - x - 1. Give c(-1).
41
Let g(r) = -r**3 - r - 5. Give g(0).
-5
Let g(b) = -b**3 + 3*b**2 + b - 3. What is g(3)?
0
Let f(x) = 2*x + 17. Determine f(-25).
-33
Let c(o) = -2*o**2 + 30*o + 65. Determine c(17).
-3
Let z(j) = j**2 - 22*j - 50. What is z(25)?
25
Let g(b) = -7*b - 7. Calculate g(-6).
35
Let z(h) = -h**2 + 23*h - 115. Determine z(15).
5
Let c(u) = -u**3 - 10*u**2 + 3*u + 15. Determine c(-10).
-15
Let p(b) = -27*b - 113. What is p(-4)?
-5
Let l(f) = f**2 - 24*f - 28. What is l(25)?
-3
Let l(k) = 58*k + 573. Calculate l(-10).
-7
Let r(b) = -b**2 + 4*b + 1. Determine r(-4).
-31
Let g(s) = -s**3 + 8*s**2 - 4*s - 4. Give g(7).
17
Let j(c) = c**2 + c + 1. Give j(4).
21
Let p(h) = -h**3 - 8*h**2 + 2*h + 24. Calculate p(-8).
8
Let x(v) = 23*v**2 + v - 2. Determine x(1).
22
Let i(r) = r**2 + 9*r + 6. What is i(-8)?
-2
Let x(b) = -3*b - 5. Determine x(7).
-26
Let t(g) = -4*g + 1. What is t(-12)?
49
Let y(x) = x**2 - 10*x + 6. Give y(5).
-19
Let m(n) = -n**2 - 3*n + 1. What is m(2)?
-9
Let j(g) = g**3 - 5*g**2 + 4*g + 1. Determine j(3).
-5
Let g(w) = 32*w**2 - w + 1. Determine g(1).
32
Let u(m) = m**2 + 27*m - 94. Determine u(4).
30
Let x(l) = 2*l**2 - 13*l - 12. Give x(11).
87
Let f(d) = -2*d**3 - d**2 - 3*d + 2. What is f(2)?
-24
Let m(u) = u - 7. Calculate m(5).
-2
Let o(d) = -d**2 + 14*d - 9. Determine o(11).
24
Let r(t) = t**3 - 12*t**2 - 10*t - 14. What is r(13)?
25
Let d(k) = k**2 - 10*k + 13. Give d(9).
4
Let x(o) = -2*o + 1. Calculate x(-8).
17
Let b(m) = 6*m + 8. What is b(-7)?
-34
Let p(i) = i**2 - 31*i + 28. Determine p(30).
-2
Let i(a) = -15*a - 1. Determine i(-1).
14
Let m(r) = -r**3 + 13*r**2 + 7*r + 11. What is m(14)?
-87
Let p(k) = -k**2 + 23*k - 63. Determine p(4).
13
Let z(i) = -i**2 + 7*i + 1. Determine z(6).
7
Let c(k) = -k**3 + 2*k**2 - 4*k + 3. What is c(2)?
-5
Let b(n) = -n**3 + 11*n**2 + 11*n + 14. What is b(12)?
2
Let w(s) = -s**2 + 6*s - 14. Determine w(6).
-14
Let q(o) = o**3 + 6*o**2 - 2*o - 20. Give q(-4).
20
Let l(w) = 4*w - 38. Give l(8).
-6
Let p(o) = -23*o + 18. Determine p(1).
-5
Let g(u) = -11*u**2 - 1. Determine g(1).
-12
Let c(a) = -28*a**2 - 1. Give c(1).
-29
Let p(d) = -7*d**2 + d - 1. What is p(1)?
-7
Let s(b) = -b**3 + 18*b**2 + 20*b - 7. Give s(19).
12
Let s(b) = -b + 12. What is s(3)?
9
Let d(u) = 2*u - 20. Determine d(12).
4
Let q(l) = 2*l**2 + 192*l - 198. What is q(-97)?
-4
Let a(s) = 2*s**2 - 9*s - 9. Calculate a(6).
9
Let r(m) = 5*m - 21. Give r(10).
29
Let k(x) = x**2 - 12*x + 8. Give k(11).
-3
Let c(a) = a**3 - 15*a**2 - 7*a + 13. Calculate c(15).
-92
Let m(p) = -36*p + 1. Determine m(-1).
37
Let a(h) = h - 41. Give a(23).
-18
Let u(r) = r - 25. Calculate u(11).
-14
Let x(i) = 4*i - 39. Give x(6).
-15
Let d(a) = -a**2 - 7*a + 10. Give d(-8).
2
Let v(q) = 5*q + 37. Calculate v(-2).
27
Let t(w) = -6*w + 143. What is t(23)?
5
Let o(u) = -u**2 + 17*u - 82. What is o(8)?
-10
Let x(v) = -35*v - 565. What is x(-16)?
-5
Let z(w) = -6*w + 83. Determine z(12).
11
Let s(l) = 3*l + 1. Calculate s(-7).
-20
Let n(b) = -b**3 + 7*b + 6. Determine n(-4).
42
Let v(t) = 9*t**2 - 23*t + 5. Calculate v(4).
57
Let r(a) = a**3 + 6*a**2 - 5*a + 11. What is r(-6)?
41
Let s(b) = 6*b - 73. Give s(11).
-7
Let i(z) = -z**3 + 5*z + 4. What is i(3)?
-8
Let y(b) = b**2 - 9*b + 1. Give y(7).
-13
Let v(j) = 14*j**2 + j - 1. What is v(-1)?
12
Let w(l) = l**2 - 14*l + 19. Give w(13).
6
